. Suppose r*a = 3*a + 1. Let u(t) = t**2 - t - 1. Calculate u(a).
-1
Let s(t) = -3*t + 2. Let k(r) = -4*r**3 - r**2 - r. Suppose 1 - 5 = 4*d. Let v be k(d). What is s(v)?
-10
Let f(l) = -2*l**2 - 4*l - 3. Let w = -12 - -15. Let g = -6 + w. Give f(g).
-9
Let w be 1 + 18/(-2) - 2. Let c = w - -5. Let j(y) be the first derivative of -y**3/3 - 5*y**2/2 + 6*y + 2. Determine j(c).
6
Let q(v) = v + 1. Let h be q(-1). Let m(b) be the third derivative of 0*b - 2*b**2 + 0*b**5 - b**3 - 1/120*b**6 + 0 + 1/24*b**4. Give m(h).
-6
Let v(b) = b - b**2 - 3 - 4*b**2 + 4*b**2 + b**3. Suppose 0 = -g + 3*g. Let f = g - 0. Calculate v(f).
-3
Suppose 0*m = -4*m - 4. Suppose 0 = 3*o + 12 - 9. Let x = m + o. Let c(y) = y**3 + 2*y**2. Calculate c(x).
0
Let b(r) = 3*r + 3. Let j(g) = -g - 1. Let y(t) = 2*b(t) + 5*j(t). What is y(1)?
2
Let s(q) = q + 14. Let c(v) = -1. Let p(h) = 3*c(h) + s(h). Let d be p(-9). Suppose o - d = 3. Let f(k) = -k**2 + 5*k - 4. Give f(o).
-4
Suppose -z - 2 + 3 = 0. Let q = 4 - z. Suppose q*r - 1 = -10. Let h(y) = y**3 + 3*y**2 + y + 2. Calculate h(r).
-1
Let b = 1 - 5. Let t(z) = z**3 + 6*z**2 + 5*z - 4. Determine t(b).
8
Let h(w) = w**2 + 2*w - 2. Let d = -16 - -7. Let o = 6 + d. Determine h(o).
1
Let s(x) = -x**2 + 3*x - 3. Suppose -1 = -4*c + 15. Calculate s(c).
-7
Suppose 0 = -3*y + 14 + 1. Let c(v) = 4*v**3 + 2*v - 4 + y*v + 6*v**2 - 3*v**3 - 2*v. What is c(-5)?
-4
Suppose -3*y = -6*y + 5*q - 154, -3*q = -3*y - 150. Let s be (y/(-10))/(1/(-15)). Let t be (-4)/(-22) - s/(-33). Let i(j) = -j**2 - 1. Determine i(t).
-5
Suppose 4*b - 218 = 5*v, 5*v + 3*b + 171 = -33. Let i be (-3)/2 + v/12. Let j(d) = d**2 + 3*d - 6. What is j(i)?
4
Suppose l - 2*l + 4 = 3*y, -5*l + 7 = 2*y. Let o(f) = 6*f**2 + 1. Let m be o(-1). Let d(v) = 2*v**3 + m*v**3 - 3*v**3 + v**2 - 3*v**3. Give d(y).
4
Let o(c) = c - 7. Let n be (-31)/(-6) - 1/6. Suppose 2*f - 10 = 5*g, 7*g + 25 = n*f + 3*g. Give o(f).
-2
Let z(i) = i**2 - 20*i + 3. Let v be z(20). Let o(k) = 2*k**2 - 4*k - 1. Give o(v).
5
Let u(t) = -t**3 + 6*t**2 - 5*t + 3. Let d be u(4). Suppose 0 = -p + 3, -2*m + 5*p - d = -0*p. Let f(w) = w**3 - w + 5. What is f(m)?
5
Let u(i) = -6*i**3 + 6*i**2 - 2*i - 3. Let y(c) = -c**3 + c**2 - c - 1. Let b(r) = u(r) - 5*y(r). Give b(-2).
8
Suppose -4*x - 32 = 8. Let y(c) = -c**2 - 9*c + 6. What is y(x)?
-4
Let k(w) = w**2 - 1. Let x(j) be the first derivative of 4*j**3/3 - 3*j - 1. Let u(r) = 3*k(r) - x(r). Calculate u(-1).
-1
Let r(c) = 8*c + 68*c**2 + 7 + 63*c**2 - 130*c**2. What is r(-7)?
0
Let x(j) be the first derivative of j**4/12 + j**3/2 - 2*j**2 + 1. Let h(n) be the second derivative of x(n). Calculate h(3).
9
Let r(d) be the third derivative of -3*d**5/20 - d**4/24 - 9*d**2. Determine r(-1).
-8
Let r(k) = -15*k**2 - 27*k - 6. Let i(f) = -11 + 8 - 7*f**2 - 10*f - 3*f. Let c(s) = 13*i(s) - 6*r(s). What is c(-6)?
3
Let i(u) = 25*u + 4. Let a = 12 - 10. Let w(o) be the first derivative of 5*o**2/2 + o + 2. Let x(s) = a*i(s) - 11*w(s). What is x(-3)?
12
Let q = -10 + 15. Let j(h) = -3*h**2 + 0*h**2 + 2 - q*h + 4*h**2. Let s = 16 + -13. Calculate j(s).
-4
Let w(x) = x**3 - x**2 + x + 1. Let g(j) = 3*j**3 - 4*j**2 + 2*j + 3. Let o(v) = g(v) - w(v). Suppose -s + 4 = -2*t, -4*s + 1 = 4*t - 3. Calculate o(s).
8
Let p(h) = 22*h**3 + 12*h + 12. Let j(o) = 9*o**3 + 5*o + 5. Let q(a) = -12*j(a) + 5*p(a). Let z be (5/15)/(2/36). Let b be 7/(-4) - z/(-8). Give q(b).
-2
Suppose -11 - 24 = -5*k. Let c(i) = -i**3 + 7*i**2 - 3. Let w be c(k). Let v(m) = -2*m - 4*m - 4 + 5*m. Determine v(w).
-1
Let t(j) = 30 + 2*j**2 - 27 + 5*j + j**2. Give t(-3).
15
Let l be (-16)/(-9) - 6/(-27). Let u(v) = 2 + 8*v - 3*v + 5*v**l - 3 - 6*v. Let a be (2 + 0)*(-2)/4. Give u(a).
5
Let i(t) = 5 + 3*t - 5 - 1 - 2. Let n = 4 + 0. What is i(n)?
9
Suppose -8 = 4*b - 2*b + i, -4*b - 3*i = 16. Let c(g) = g**3 + 4*g**2 + 1. Let d be c(b). Let v(o) = -d - o - o + 5 - o**2. Give v(-3).
1
Let x(w) = -w**2 + 11*w + 10. Suppose 5*u - 4*y - 76 = 0, -u = -4*y - 20 - 8. What is x(u)?
-2
Let q be -1 + 0 + -2 + 1. Let m(s) = -2*s**3 - 2 + 0*s**3 + 5 - 7*s**2 + s**3. Let k(v) = v**2 - v - 1. Let u(x) = 3*k(x) + m(x). Give u(q).
-2
Let k(v) = -521*v**2 + 522*v**2 + 2 - 11*v + 10. What is k(9)?
-6
Let g(y) = -y**3 - 6*y**2 - 5*y + 4. Let j be (-2)/(-11) + (-4)/22. Let t = j + 3. Suppose 0 = t*i + 14 - 2. What is g(i)?
-8
Let h(i) be the third derivative of i**7/2520 + 7*i**6/720 + i**5/120 - i**4/6 - 3*i**2. Let q(j) be the second derivative of h(j). Give q(-5).
-9
Let h(d) be the third derivative of 3*d**4/8 - d**3/6 - 10*d**2. Calculate h(-1).
-10
Let n(w) be the second derivative of -1/12*w**4 + 0 - 3*w + 1/2*w**2 + 1/6*w**3. What is n(3)?
-5
Let w(b) be the first derivative of 7*b**4/12 - b**3/6 - b**2 - 8. Let i(z) be the second derivative of w(z). Determine i(1).
13
Suppose 3*t = 5*c + 21 + 11, -c = 4*t - 12. Let i(f) = f**2 + 2*f - 3. What is i(c)?
5
Suppose 0 = -3*b - 3*p - 1 + 10, 4 = 3*b - 2*p. Let g(j) = -j**2 - j**3 + 2*j**2 + 3*j**b. Give g(3).
9
Let f(v) be the second derivative of v**3/3 - v**2 + 6*v. Determine f(-6).
-14
Let v(d) = d + 1. Let u = 6 - 4. Calculate v(u).
3
Let t be 4/3*(-3)/2. Let v(s) = s**2 + s + 1. Let d be v(t). Let n(r) = -4*r - 2*r + 3*r + 4*r. Determine n(d).
3
Let j(z) = -7*z - 1. Let y(g) = g**3 + 5 + 6*g**2 - 4 + 5 - 9*g + 3*g. Let f be y(-7). What is j(f)?
6
Let z(y) = -4*y**3 + 1 + 2*y**3 - 3*y**3 + 0*y**3. Let m(d) = -d + 1. Let k be m(0). Let q be z(k). Let l(n) = -3*n - 3. What is l(q)?
9
Suppose -10 = 5*q - 0, q + 23 = 3*a. Let y(g) = -g - 1. What is y(a)?
-8
Let o(c) = 2*c**2 + 4*c + 2. Let z be o(-2). Let g(v) = -3 - 3 + 0*v - z*v - v. Suppose -b - 16 = 3*b. What is g(b)?
6
Let r(u) = u**2 + 8*u + 7. Let b be r(-6). Let x(k) be the third derivative of k**6/120 + k**5/10 + k**4/4 + k**3/2 + k**2. Determine x(b).
-2
Let p(g) = -4 + 4 + 23*g**3 - g**2 - 33*g**3. Calculate p(-1).
9
Let k be (-5)/(15/4) - -3. Let m(n) be the first derivative of -k*n**3 - 1 + 2*n**2 + 1/4*n**4 - n. What is m(4)?
-1
Let q(p) be the third derivative of -p**5/60 - p**4/6 + p**3/2 - 2*p**2. Give q(-5).
-2
Let q(r) = r**2 - 14. Let t(v) = v**2 + 7*v + 7. Let i be t(-6). Let g be 0/(5/i - 2). Determine q(g).
-14
Suppose -f - 3 = 2*z - 0, 3*z + 12 = 0. Let s(v) be the third derivative of -2*v**2 + 0*v - 1/12*v**4 - 1/3*v**3 - 1/60*v**f + 0. Give s(-3).
-5
Let s(y) be the third derivative of -y**5/60 - y**4/8 - y**3 + 31*y**2. Determine s(-4).
-10
Let b(l) = -l**2 + 5*l - 1. Let m be b(4). Suppose 5 = i - 0*i - m*x, -44 = -5*i - 4*x. Let t(h) = -2 - h + 2*h + 2 + i*h**3 + 2*h**2. What is t(-1)?
-7
Let z(i) = i**2 - 3*i. Let j = -23 - -28. Give z(j).
10
Let g(y) = 3*y - 5. Let j = 15 - 9. What is g(j)?
13
Let o(l) = 4*l**2 - 11*l - 6. Let n(m) = m**2 - 4*m - 2. Let x(r) = -7*n(r) + 2*o(r). Let k(d) = d**3 - 4*d**2 - 2*d + 4. Let s be k(4). Give x(s).
-6
Let g(a) be the first derivative of -2*a**3/3 + 3*a**2/2 - 3*a - 1. Suppose 4*i - 6 = -j, 5*j + 3*i - 13 + 0 = 0. Calculate g(j).
-5
Let x(d) be the third derivative of -d**5/60 + d**3/6 - d**2. Let n(a) = 2*a**2 - 12*a + 2. Let o be n(6). Calculate x(o).
-3
Let a(g) = -7 + g + 0*g + 1. Let z(k) = 1. Let q(i) = -i**2 - 12*i - 22. Let j(d) = -q(d) - 6*z(d). Let l be j(-11). Give a(l).
-1
Let r = 67 - 67. Let s(n) = n**2 + n - 8. Give s(r).
-8
Let s(n) = -n**3 - 2*n + 2. Suppose -2*q + 4*b = q - 21, 0 = q + 2*b + 3. Let l be 1 - 3 - (q - 7). Determine s(l).
-10
Let k(q) be the first derivative of 2*q**2 - 3*q - 3. Suppose s + 3*x - 19 = -0*s, 0 = -4*s - 5*x + 48. Let d = s - 4. Determine k(d).
9
Suppose w - 4*v = 11, 2*v + v = 5*w - 21. Let u(d) = d + d - 4 - w*d. Let q(h) = -h**3 - 5*h**2 + 6*h + 3. Let i be q(-6). Calculate u(i).
-7
Let m(s) be the second derivative of -1/3*s**3 + 1/2*s**2 + 1/20*s**5 + s - 1/2*s**4 + 0. Determine m(6).
-11
Suppose -12 = 3*k - 6*k. Let z(l) be the first derivative of l**2/2 - l - 3. Give z(k).
3
Let m(b) = -b**2 - 4*b - 10. Let s(f) = f. Let a(d) = -m(d) - 4*s(d). Give a(0).
10
Let p(a) be the third derivative of 0*a - 1/120*a**6 - 7/60*a**5 + 5/6*a**3 - a**2 + 0 - 1/4*a**4. Calculate p(-6).
5
Let h(d) = -2*d. Let b(o) = -o**3 - 8*o**2 - 2*o - 5 + 6 + 5*o**2. Let l be b(-2). What is h(l)?
-2
Let l(u) = u**2 - 7*u - 3.